 multiple of 80?
True
Does 2 divide 91?
False
Does 111 divide 75962?
False
Does 43 divide 1672?
False
Is 4 a factor of 459?
False
Does 29 divide 1715?
False
Is 10 a factor of 15350?
True
Is 261 a factor of 7606?
False
Does 29 divide 170?
False
Is 18 a factor of 23490?
True
Does 38 divide 28652?
True
Is 2571 a multiple of 10?
False
Is 115 a factor of 24400?
False
Is 19 a multiple of 16?
False
Does 13 divide 4384?
False
Is 62 a factor of 744?
True
Is 30912 a multiple of 42?
True
Is 126 a multiple of 18?
True
Does 5 divide 1605?
True
Is 1740 a multiple of 10?
True
Is 4268 a multiple of 13?
False
Does 48 divide 518?
False
Is 891 even?
False
Does 15 divide 15196?
False
Is 32 a factor of 104?
False
Does 304 divide 27972?
False
Does 20 divide 2980?
True
Is 9 a factor of 1813?
False
Is 6 a factor of 74?
False
Is 124 a factor of 12787?
False
Is 12 a factor of 416?
False
Is 213 a multiple of 2?
False
Is 43 a factor of 912?
False
Does 29 divide 194?
False
Does 55 divide 29810?
True
Is 1367 a multiple of 20?
False
Is 57 a factor of 987?
False
Is 4548 a multiple of 4?
True
Is 5529 a multiple of 11?
False
Is 9 a factor of 354?
False
Does 37 divide 3108?
True
Is 5 a factor of 690?
True
Does 13 divide 975?
True
Is 2778 a multiple of 3?
True
Is 6531 a multiple of 18?
False
Does 13 divide 6899?
False
Is 17506 a multiple of 13?
False
Does 34 divide 33193?
False
Is 187 a multiple of 17?
True
Does 96 divide 2016?
True
Is 102588 a multiple of 412?
True
Is 837 a multiple of 27?
True
Is 84 a factor of 1915?
False
Does 18 divide 458?
False
Is 25366 a multiple of 147?
False
Is 62 a multiple of 16?
False
Is 6 a factor of 529?
False
Is 11 a factor of 1926?
False
Is 225 a multiple of 4?
False
Does 85 divide 11560?
True
Is 14340 a multiple of 30?
True
Is 1612 a multiple of 13?
True
Is 152 a factor of 8131?
False
Is 97 a factor of 46292?
False
Is 12636 a multiple of 108?
True
Is 392 a multiple of 28?
True
Is 4760 a multiple of 85?
True
Is 310 a multiple of 5?
True
Does 16 divide 593?
False
Is 10 a factor of 7770?
True
Is 4360 a multiple of 16?
False
Does 68 divide 1140?
False
Is 7644 a multiple of 7?
True
Is 5 a factor of 400?
True
Is 20212 a multiple of 41?
False
Is 3 a factor of 7284?
True
Does 87 divide 14616?
True
Is 15 a factor of 570?
True
Is 36 a factor of 2582?
False
Does 10 divide 94?
False
Does 36 divide 534?
False
Is 926 even?
True
Is 1594 a multiple of 10?
False
Does 15 divide 1232?
False
Does 56 divide 18704?
True
Is 11 a factor of 54?
False
Is 1392 a multiple of 29?
True
Is 12 a factor of 13289?
False
Is 1859 a multiple of 14?
False
Does 31 divide 1829?
True
Does 7 divide 98?
True
Is 1188 a multiple of 9?
True
Does 34 divide 442?
True
Is 40 a factor of 44600?
True
Does 10 divide 2832?
False
Does 19 divide 64980?
True
Is 1977 a multiple of 4?
False
Does 63 divide 2835?
True
Does 94 divide 4418?
True
Is 12 a factor of 46?
False
Is 14330 a multiple of 51?
False
Is 22 a factor of 50116?
True
Is 66 a factor of 1122?
True
Does 15 divide 29087?
False
Is 10 a factor of 987?
False
Is 27 a factor of 2807?
False
Is 40612 a multiple of 26?
True
Does 9 divide 9791?
False
Does 80 divide 39451?
False
Does 48 divide 3744?
True
Does 79 divide 158?
True
Is 11 a factor of 88?
True
Is 574 a multiple of 5?
False
Is 142932 a multiple of 172?
True
Does 22 divide 2352?
False
Is 4087 a multiple of 67?
True
Does 7 divide 490?
True
Is 55 a factor of 220?
True
Is 10 a factor of 558?
False
Does 13 divide 2357?
False
Is 85 a factor of 765?
True
Is 276 a multiple of 48?
False
Does 6 divide 1146?
True
Is 2210 a multiple of 54?
False
Is 5536 a multiple of 8?
True
Is 4 a factor of 12661?
False
Does 17 divide 20842?
True
Is 9 a factor of 1797?
False
Is 40 a factor of 8200?
True
Is 2457 a multiple of 33?
False
Is 1068 a multiple of 89?
True
Does 23 divide 85?
False
Does 4 divide 88?
True
Is 33 a factor of 1683?
True
Does 109 divide 2943?
True
Does 11 divide 33?
True
Does 7 divide 10246?
False
Is 1204 a multiple of 14?
True
Is 28 a factor of 448?
True
Is 1745 a multiple of 26?
False
Is 437 a multiple of 16?
False
Is 4384 a multiple of 16?
True
Is 52 a factor of 1404?
True
Does 14 divide 2138?
False
Is 122 a factor of 16039?
False
Does 43 divide 6627?
False
Is 54 a factor of 1156?
False
Is 24 a factor of 5016?
True
Does 22 divide 68?
False
Is 4044 a multiple of 12?
True
Is 77 a factor of 40866?
False
Is 8634 a multiple of 39?
False
Is 4002 a multiple of 69?
True
Does 16 divide 111248?
True
Is 151 a factor of 36402?
False
Is 45 a factor of 11255?
False
Is 115 a multiple of 5?
True
Is 32 a factor of 24864?
True
Is 1235 a multiple of 15?
False
Is 1780 a multiple of 20?
True
Is 160 a multiple of 16?
True
Is 17 a factor of 402?
False
Does 23 divide 345?
True
Is 6975 a multiple of 155?
True
Is 23343 a multiple of 41?
False
Does 16 divide 226?
False
Is 64544 a multiple of 25?
False
Does 22 divide 491?
False
Is 151 a multiple of 29?
False
Does 5 divide 3686?
False
Does 34 divide 16689?
False
Is 24 a factor of 2059?
False
Does 155 divide 73703?
False
Does 2 divide 46?
True
Is 9 a factor of 355?
False
Does 40 divide 291?
False
Is 30 a factor of 17122?
False
Is 1358 a multiple of 97?
True
Does 42 divide 1596?
True
Does 28 divide 8926?
False
Is 117 a factor of 6318?
True
Is 15 a factor of 1350?
True
Is 8 a factor of 98?
False
Does 25 divide 5850?
True
Is 37 a factor of 1591?
True
Does 147 divide 55419?
True
Is 3903 a multiple of 31?
False
Is 9492 a multiple of 42?
True
Is 56 a factor of 2060?
False
Is 53 a factor of 3445?
True
Is 19339 a multiple of 83?
True
Is 128 a multiple of 4?
True
Is 90 a factor of 7403?
False
Is 654 even?
True
Is 13 a factor of 958?
False
Is 34 a factor of 646?
True
Does 60 divide 9960?
True
Does 13 divide 2535?
True
Does 14 divide 32032?
True
Is 41 a factor of 15671?
False
Does 37 divide 1787?
False
Does 42 divide 4216?
False
Does 8 divide 323?
False
Is 55 a factor of 1375?
True
Is 1232 a multiple of 7?
True
Does 10 divide 1130?
True
Is 7 a factor of 4368?
True
Is 68 a factor of 4027?
False
Does 5 divide 50?
True
Is 14 a factor of 7516?
False
Is 4 a factor of 12828?
True
Is 444 a multiple of 42?
False
Does 8 divide 364?
False
Is 2820 a multiple of 15?
True
Does 19 divide 1159?
True
Is 11 a factor of 154?
True
Is 45 a factor of 19142?
False
Does 70 divide 8507?
False
Is 65 a factor of 6110?
True
Is 55 a factor of 12428?
False
Does 5 divide 925?
True
Is 63714 a multiple of 14?
True
Does 75 divide 1577?
False
Is 1206 a multiple of 5?
False
Is 4636 a multiple of 38?
True
Is 30 a factor of 5430?
True
Does 34 divide 5123?
False
Is 8 a factor of 10933?
False
Does 30 divide 1254?
False
Is 17 a factor of 4148?
True
Does 12 divide 47268?
True
Is 49 a factor of 7159?
False
Does 3 divide 131?
False
Is 62 a factor of 72416?
True
Does 9 divide 16708?
False
Does 164 divide 18040?
True
Is 10575 a multiple of 141?
True
Is 386 a multiple of 11?
False
Is 31 a factor of 364?
False
Is 77573 a multiple of 259?
False
Does 8 divide 1220?
False
Is 180 even?
True
Is 11 a factor of 3179?
True
Does 9 divide 153?
True
Is 8 a factor of 39096?
True
Does 18 divide 1278?
True
Does 35 divide 493?
False
Is 26 a factor of 3068?
True
Is 33178 a multiple of 53?
True
Is 196 a multiple of 7?
True
Is 583 a multiple of 33?
False
Is 1120 a multiple of 16?
True
Does 43 divide 11249?
False
Is 19 a factor of 4377?
False
Does 51 divide 7689?
False
Is 175 a factor of 2172?
False
Is 42 a factor of 6426?
True
Does 245 divide 32679?
False
Is 30 a factor of 37530?
True
Is 1125 a multiple of 3?
True
Is 68026 a multiple of 113?
True
Does 102 divide 1938?
True
Is 2 a factor of 65?
False
Is 49336 a multiple of 224?
False
Is 7 a factor of 1685?
False
Does 46 divide 382?
False
Is 5324 a multiple of 22?
True
Is 16 a multiple of 3?
False
Does 26 divide 79534?
True
Does 8 divide 1686?
False
Is 459 a multiple of 51?
True
Is 83 a factor of 3320?
True
Is 120 a factor of 11160?
True
Is 31 a factor of 2852?
True
Is 919 a multiple of 18?
False
Is 34 a factor of 45254?
True
Does 29 divide 1055?
False
Is 50 a factor of 1050?
True
Does 12 divide 11263?
False
Is 5806 a multiple of 9?
False
Does 35 divide 1050?
True
Does 16 divide 54530?
False
Is 359 a multiple of 4?
False
Is 2767 a multiple of 16?
False
Is 2333 a multiple of 19?
False
Is 105 a multi